 (1 + -3)/((-2)/4). Let g(f) be the second derivative of -f**3/2 + 2*f**2 + 305*f + 1. What is g(a)?
-8
Let j(x) be the first derivative of -x**3/3 + 2*x**2 - 5*x - 53. Let z(c) = -2*c**3 - 3*c**2 - 8*c - 17. Let f be z(-2). What is j(f)?
-2
Let v(k) = 18*k**2 + 19*k + 4. Let j be v(-2). Let z(d) = d**2 - 35*d - 112. What is z(j)?
2
Suppose 3*a + 16*s - 19*s = 489, s - 652 = -4*a. Let j(n) = -75*n**2 - 5*n - 3 - 86*n**2 + a*n**2 + 3*n. Determine j(-2).
9
Suppose -5*z - 5 = m + 1, -4*z = -4*m - 24. Let k(y) = -41*y**2 - 3 - 41*y**2 + 124*y**2 - 11*y - 41*y**2 + 13*y. Determine k(m).
21
Let h(t) = 2*t + 9. Let r be (-48)/(18/3) + (-9 - -13). Give h(r).
1
Let x(a) = 48*a**2 + a - 2. Let t(b) = 87*b**2 + 2*b - 5. Let q(p) = -5*t(p) + 9*x(p). Determine q(0).
7
Suppose -2612 = 2*i - 7*i + l, 2*l + 517 = i. Suppose i = 28*p + 47. Let z(c) = -c**3 + 18*c**2 - 17*c - 8. Determine z(p).
-8
Let v(f) = -4*f + 48. Let n be v(8). Let w(d) = -10*d + 146. Let k be w(n). Let y(i) = i**3 + 15*i**2 + 14*i + 7. What is y(k)?
7
Let t(r) = 30*r + 2. Let z(v) = -13*v - 1. Let n(a) = 4*t(a) + 9*z(a). Let l be (-8)/(-24) + (-16)/(-6). Determine n(l).
8
Let h(m) be the second derivative of m**3/6 + 13*m**2/2 + 2*m - 36385. Let v be 1/(-4) - (-225)/(-12). Determine h(v).
-6
Suppose k + 13 = u - 5*u, 5*k - 15 = 0. Let x(v) = 25*v**2 - 16*v - 8. Let z(j) = -18*j**2 + 11*j + 5. Let b(l) = 5*x(l) + 7*z(l). Give b(u).
-9
Let c = 169 - 158. Let r(h) = -5*h**3 + 16*h**2 + 11*h + 1. Let j(b) = -b**3 + 3*b**2 + 2*b. Let i(n) = c*j(n) - 2*r(n). Give i(2).
-6
Let a(b) = -11*b + 28. Let k(n) = 3*n + 1. Let q(z) = -a(z) - 4*k(z). Let i be q(-22). Let l(m) = m**3 + 11*m**2 + 11*m + 13. Give l(i).
3
Let t(z) = -10*z - 6 - 3 + 351646*z**3 - 351616*z**3. Give t(-1).
-29
Let t(o) = o**3 - o**2 + 3*o + 1. Suppose 549 = -91*f + 549. What is t(f)?
1
Let n be ((-12)/(-18))/(4/54). Let k(b) = -15*b + 123. Let t be k(n). Let f(p) = -p - 16. Determine f(t).
-4
Suppose 0 = 5*m - 10*m - 3*z + 32, z + 16 = 5*m. Suppose -a = 2*i - 5 + 10, 0 = -m*i. Let k(w) = w**2 + 2*w + 4. Give k(a).
19
Let s(f) = -16*f**2 + 5*f + 10. Let u = -11109 - -11107. Calculate s(u).
-64
Let r(s) = 32*s - 408. Let y be r(-9). Let g = -696 - y. Let b(m) = m + 50. What is b(g)?
50
Let r(p) = -50 - 254*p**2 - 2*p + 482*p**2 - 254*p**2 + 48. Give r(-1).
-26
Let d = 5 - 3. Suppose 0 = -d*k - 0 - 4. Let x(y) = 43*y + 0*y**2 - 14*y + 3*y + 2*y**2 + 2 - 29*y + y**3. What is x(k)?
-4
Suppose 30*b - 8*b - 132 = 0. Suppose 2*p + 4 = 6*p, -f = p - b. Let w(s) = -s**2 + 11*s + 2. Calculate w(f).
32
Let k(l) = 4*l**2 - 24*l + 54. Let x(j) = -13*j**2 + 74*j - 159. Let r(b) = -10*k(b) - 3*x(b). Give r(6).
9
Let r(s) = 4*s - 2. Let c = -614 + 648. Suppose 18 = -2*g - 3*l, -5*g + l = c - 23. Calculate r(g).
-14
Let h(a) = a**2 - 11*a + 11. Let j be 7295/(-20) - 6/(-8). Let p = j + 375. What is h(p)?
11
Let d(h) be the second derivative of 1 + 4/3*h**3 + 7*h + 15/2*h**2 + 1/12*h**4. What is d(-6)?
3
Let g(n) = 8*n. Let p be g(-1). Let l = 14 - -9. Let i(k) = -7 - 23*k + 2 + 71*k - 26*k - l*k. Give i(p).
3
Suppose -3*b - 7*c - 10 = -12*c, -4*b - c = -2. Let h(p) = p**2 + 2 + b*p**2 + 10781*p - 10783*p. Give h(-3).
17
Let b(l) = -9*l. Let q(x) = -19*x + 4. Let w(o) = -2*b(o) + q(o). Give w(9).
-5
Let d(q) = -3*q - 5. Suppose 0 = 7*f - 1 + 29. Let w be d(f). Let o(r) = 11*r + 18. Let b(x) = 18*x + 27. Let z(m) = 5*b(m) - 8*o(m). What is z(w)?
5
Let c(r) = -r**2 + 3*r + 4. Let s(w) = 15*w - 37. Let y be s(3). Suppose -3*o = 1 + y. Calculate c(o).
-14
Let o(j) = -76*j + 1860. Let b(f) = -34*f + 830. Let p(t) = 20*b(t) - 9*o(t). Give p(22).
-52
Let q be ((-3)/(-6) - 2)/(2/(-12)). Let m = q + 102. Let c = m + -108. Let p(y) = -y**3 + 2*y**2 + 2. What is p(c)?
-7
Let j(u) be the third derivative of -85*u**4/24 - 421*u**3/6 + 5322*u**2. What is j(-5)?
4
Let k(t) = -40*t + 204. Suppose 196*h - 775 - 975 = -154*h. Give k(h).
4
Let v be 115/2 - (-1 - (-3)/6). Let s = v - 54. Let w(l) = 5 + 0*l + s - 5*l + 6*l. Give w(-6).
3
Let y(t) = 5*t**3 - 4*t**2 - 10*t - 9. Let q = 271 + -272. Let m(o) = -o**3 + 2*o**2 + o + 1. Let c(s) = q*y(s) - 4*m(s). What is c(-5)?
0
Let i(t) be the third derivative of t**5/60 - 25*t**4/24 - 37*t**3/3 + 2*t**2 - 30*t. What is i(28)?
10
Let f(a) = 2*a**2 + 5*a - 18. Let b(c) = -c**2 - 4*c + 9. Let w(q) = 5*b(q) + 2*f(q). Let i(j) = j**3 + 4*j**2 - 44*j - 1. Let y be i(-9). Give w(y).
9
Let g(z) = 92. Let m(w) = 21*w + 397. Let l(t) = -3*g(t) - m(t). Calculate l(-32).
-1
Let a(m) be the first derivative of 13*m**2/2 - 96*m + 5092. Determine a(9).
21
Suppose 14 = -13*g + 6*g. Let j(s) = -12*s**2 - 2*s. Let y(v) = 2*v**2 + v. Let b(k) = g*y(k) - j(k). What is b(1)?
8
Suppose -4*w + 188 = -4*h, -212 + 15 = -4*w + h. Let u(d) = -22*d**3 - 1 - 6*d**2 - 13*d**3 - 4*d - 16*d**3 + w*d**3. Give u(-5).
-6
Let z be (1/1)/(51/(-33)*2 - -3). Let j(d) = 3*d - 17. What is j(z)?
-50
Let x(f) = -5*f**3 - 13*f**2 - 24. Suppose -g = 3, 22 = 2*u + 4*g - 6*g. Let o(r) = -2*r**3 - 4*r**2 - 8. Let w(n) = u*o(n) - 3*x(n). What is w(7)?
8
Let f(s) = 3*s + 135. Suppose 0 = o + 7, -2*n + 40*o - 39*o = 47. What is f(n)?
54
Let a(m) be the first derivative of 4*m**2 + 20*m - 410. Calculate a(-3).
-4
Let t(m) = m + 26. Let i(g) = g + 28. Let v(d) = 2*i(d) - 3*t(d). Let w(r) = -2*r - 46. Let z(q) = 13*v(q) - 6*w(q). What is z(0)?
-10
Suppose 0 = -2*c - c + 12. Let n = 495 + -492. Let y(z) = 2*z + 3*z**n - 2*z**2 - 2*z**3 - 7217 + 7220 - 8*z. Give y(c).
11
Let g(y) = 35*y**2 + y. Suppose -15*r = -24 + 9. Suppose 0*o - r = o. Calculate g(o).
34
Let m(k) be the third derivative of -k**5/60 - k**4/4 + k**3 - 3*k**2. Let q = -6963 - -6957. Give m(q).
6
Let h = -275 + 285. Let n(g) = -h*g - 3 - 7*g - 1 + g + 20*g. Calculate n(3).
8
Suppose 0 = -2*d - 8 + 24. Let q(t) = 59*t**3 + 4*t**2 - 26*t + 46. Let c be q(2). Let x(w) = -6 - 478*w + 961*w - c*w. Give x(d).
2
Suppose 4*g = -35*g + 1716. Let t(n) = n + 48 + 39 + g - 168 + 38. Give t(2).
3
Let g(m) = -38 + m**2 - 53 - 183549*m + 183561*m. What is g(-17)?
-6
Let o(g) = -147*g - 77. Let r(k) = -107*k - 56. Let f(b) = -8*o(b) + 11*r(b). Determine f(-10).
10
Suppose 308*p = 304*p + 2*o + 6, 0 = p - 5*o + 3. Let j(g) = -3*g**3 + 3*g**2 + 3*g + 2. Calculate j(p).
-4
Suppose -5*k + 4 = 2*g, 8*g - 3*g - 10 = k. Let f(n) = 5*n - n**3 - 44 + n**g + 42 + 0*n - 6*n**2. Give f(-6).
4
Let v = 2891 + -2901. Let j(s) = s**2 + 6*s - 9. Determine j(v).
31
Suppose -15 = 10*p + 15. Let b(x) = x**2 - 3*x + 1. Let w(t) = -t**2 + 3*t - 2. Let v(c) = p*b(c) - 2*w(c). Calculate v(4).
-3
Suppose -46*p + 29 + 152 = 89. Let f(m) be the second derivative of 34*m - 1/4*m**4 - 5/6*m**3 + 5/2*m**p + 1/20*m**5 + 0. Give f(4).
1
Let a(d) be the third derivative of -d**6/60 + 13*d**5/60 - d**4/4 + 4*d**3/3 - 1407*d**2. What is a(6)?
8
Let f(z) = 4*z**2 - 295*z + 221. Let p = -14746 + 14819. Determine f(p).
2
Let n = 86 - 85. Let c be (-1)/(n + (4 - 6)). Let z(s) = -7*s**2 + 4*s + 7. Let g(h) = h**2 - h - 1. Let y(b) = -6*g(b) - z(b). Give y(c).
2
Suppose 0 = 44*s - 45*s + 2. Let z(y) = 25600*y**2 - 8*y - 3 - 3*y + 7 - 25601*y**s. What is z(-11)?
4
Let v be (0 - -1)*63/9. Suppose 18*z + v*z - 50 = 0. Let u(o) = -6*o**2 - 3*o + 1. Determine u(z).
-29
Let b(m) = 13*m**2 - 1 - 6*m - 3 - 5*m - m**3. Let o(z) = -z**2 + 27*z + 760. Let q be o(-17). Give b(q).
8
Suppose 57*y - 100 = 37*y. Suppose u - 22 + 16 = -y*p, -6 = 3*u + 3*p. Let m(b) = -5*b - 3. Give m(u).
17
Let l(f) = -2*f + 5. Let r(k) = 5*k - 11. Let t(n) = -8*l(n) - 3*r(n). Give t(5).
-2
Let j(c) be the second derivative of c**5/20 + 3*c**4/2 - 8*c**3/3 + 17*c**2/2 + 797*c. Determine j(-19).
-40
Let r(b) = b**2 + 5*b + 41. Let o be r(-6). Let n(y) = 46*y**2 - 92*y**2 - 4 + o*y**2 - 6*y. Calculate n(6).
-4
Let t be (-161)/(-14) - 1/2. Suppose 0 = -7*g + t*g. Let z(f) be the first derivative of -f**4/4 + 11*f - 113. Calculate z(g).
11
Let d(h) = h**3 - h - 1. Let m(o) = -9*o**3 - 6*o**2 + 4*o + 10. Let l(k) = -8*d(k) - m(k). Calculate l(-2).
6
Let v(h) = -4*h + 59. Let k be v(14). Let m(p) = 47*p**2 + 42*p**2 - 6*p + p**3 + 43*p**2 - 127*p**2 + k. Give m(-6).
3
Let o(h) = 4*h**3 - 24*h**2 - 39*h + 3. Let c(s) = -2*s**3 + 11*s**2 + 18*s - 2. Let m(i) = 9*c(i) + 4*o(i). Give m(3).
-15
Let h(n